Calculate the remainder when 1413965 is divided by 2472.
2453
Calculate the remainder when 368769 is divided by 14.
9
What is the remainder when 1350809 is divided by 1349336?
1473
What is the remainder when 13370 is divided by 6525?
320
What is the remainder when 64722667 is divided by 5979?
5971
What is the remainder when 10283584 is divided by 5141665?
254
What is the remainder when 117357 is divided by 4513?
19
What is the remainder when 282587 is divided by 47082?
95
Calculate the remainder when 532717 is divided by 1339.
1134
What is the remainder when 5379219 is divided by 39?
27
What is the remainder when 2186111 is divided by 17350?
11
Calculate the remainder when 47076466 is divided by 1739.
1736
What is the remainder when 1517920 is divided by 11?
8
What is the remainder when 6250036 is divided by 206?
202
What is the remainder when 148942 is divided by 37204?
126
What is the remainder when 398156 is divided by 5512?
1292
Calculate the remainder when 3072434 is divided by 139656.
2
Calculate the remainder when 4964386 is divided by 496438.
6
Calculate the remainder when 1023728 is divided by 1023725.
3
Calculate the remainder when 4261429 is divided by 1253.
1229
Calculate the remainder when 15589 is divided by 5163.
100
What is the remainder when 65062881 is divided by 2?
1
Calculate the remainder when 4120476 is divided by 104.
100
What is the remainder when 211370 is divided by 2013?
5
What is the remainder when 11277874 is divided by 26?
10
What is the remainder when 8530 is divided by 2791?
157
What is the remainder when 57700525 is divided by 9456?
13
What is the remainder when 6569 is divided by 127?
92
What is the remainder when 5921923 is divided by 572?
7
Calculate the remainder when 747857 is divided by 7.
5
What is the remainder when 1509467 is divided by 25?
17
What is the remainder when 890237 is divided by 196?
5
What is the remainder when 319183 is divided by 33?
7
Calculate the remainder when 11825665 is divided by 602.
579
What is the remainder when 2821431 is divided by 3906?
1299
What is the remainder when 92967 is divided by 4500?
2967
Calculate the remainder when 272471 is divided by 27234.
131
Calculate the remainder when 3166109 is divided by 132.
89
What is the remainder when 63027 is divided by 62934?
93
What is the remainder when 226896 is divided by 767?
631
Calculate the remainder when 88690 is divided by 952.
154
What is the remainder when 2718991 is divided by 87?
67
What is the remainder when 13795557 is divided by 168?
69
What is the remainder when 289847 is divided by 5?
2
Calculate the remainder when 7062 is divided by 3661.
3401
Calculate the remainder when 336948 is divided by 101.
12
Calculate the remainder when 9481988 is divided by 1295.
1293
What is the remainder when 383892204 is divided by 34899291?
3
Calculate the remainder when 38854015 is divided by 309.
46
What is the remainder when 1459262 is divided by 2925?
2612
Calculate the remainder when 572174 is divided by 57217.
4
Calculate the remainder when 21001518 is divided by 21452.
10
What is the remainder when 2148850 is divided by 7309?
4
Calculate the remainder when 474012 is divided by 20.
12
Calculate the remainder when 5000102 is divided by 34.
28
What is the remainder when 5041243 is divided by 360083?
81
What is the remainder when 5317433 is divided by 531740?
33
What is the remainder when 612609 is divided by 68?
65
What is the remainder when 3073718 is divided by 1028?
1026
What is the remainder when 3216989 is divided by 7811?
6668
Calculate the remainder when 2741596 is divided by 11236.
12
Calculate the remainder when 3896950 is divided by 33.
13
Calculate the remainder when 28331982 is divided by 16.
14
What is the remainder when 11922239 is divided by 6844?
6835
Calculate the remainder when 115300407 is divided by 831.
819
What is the remainder when 437871259 is divided by 51?
49
Calculate the remainder when 203534 is divided by 595.
44
Calculate the remainder when 177269 is divided by 6335.
6224
What is the remainder when 302991 is divided by 75?
66
Calculate the remainder when 8091320 is divided by 931.
930
What is the remainder when 2008943 is divided by 367?
352
What is the remainder when 2355726 is divided by 41?
30
What is the remainder when 213150724 is divided by 9?
7
What is the remainder when 4078280 is divided by 11586?
8
Calculate the remainder when 2675243 is divided by 66.
65
Calculate the remainder when 35207 is divided by 51.
17
What is the remainder when 357555 is divided by 7297?
2
What is the remainder when 90007 is divided by 17982?
97
Calculate the remainder when 442619 is divided by 37.
25
What is the remainder when 9936 is divided by 433?
410
Calculate the remainder when 370827 is divided by 74159.
32
Calculate the remainder when 674325 is divided by 8025.
225
What is the remainder when 362409 is divided by 180889?
631
Calculate the remainder when 4721801 is divided by 624.
617
What is the remainder when 10547 is divided by 402?
95
What is the remainder when 1691 is divided by 1366?
325
What is the remainder when 7689429 is divided by 5?
4
Calculate the remainder when 236202 is divided by 542.
432
Calculate the remainder when 3073311 is divided by 77.
10
Calculate the remainder when 88364 is divided by 167.
21
What is the remainder when 23186324 is divided by 241?
196
What is the remainder when 80392 is divided by 6911?
4371
Calculate the remainder when 11391140 is divided by 24.
20
What is the remainder when 1478495 is divided by 14?
11
What is the remainder when 51880 is divided by 94?
86
What is the remainder when 64369 is divided by 503?
488
What is the remainder when 1602561 is divided by 1723?
171
Calculate the remainder when 3667185 is divided by 424.
9
What is the remainder when 13659 is divided by 6791?
77
What is the remainder when 36637779 is divided by 1115?
1109
What is the remainder when 243685424 is divided by 99953?
10
Calculate the remainder when 1092236 is divided by 1267.
82
What is the remainder when 7983109 is divided by 17?
11
What is the remainder when 1165587 is divided by 263?
234
What is the remainder when 2471293 is divided by 531?
19
Calculate the remainder when 19357 is divided by 2517.
1738
What is the remainder when 184300 is divided by 20476?
16
Calculate the remainder when 18696083 is divided by 48.
35
What is the remainder when 6957699 is divided by 92?
15
What is the remainder when 485297 is divided by 2476?
1
Calculate the remainder when 39050 is divided by 442.
154
Calculate the remainder when 2287995783 is divided by 1535.
1533
What is the remainder when 963371 is divided by 868?
759
Calculate the remainder when 85609193 is divided by 2378033.
5
Calculate the remainder when 2285214 is divided by 908.
686
What is the remainder when 22911121 is divided by 7637034?
19
What is the remainder when 431905 is divided by 1011?
208
Calculate the remainder when 2749629 is divided by 3681.
3603
Calculate the remainder when 48981980 is divided by 709.
6
What is the remainder when 278905 is divided by 138617?
1671
Calculate the remainder when 47456 is divided by 3650.
6
What is the remainder when 3752480 is divided by 208471?
2
What is the remainder when 135610 is divided by 135465?
145
What is the remainder when 286655 is divided by 3869?
349
What is the remainder when 356685 is divided by 89145?
105
What is the remainder when 296862 is divided by 146713?
3436
What is the remainder when 935678 is divided by 1233?
1064
Calculate the remainder when 14696912 is divided by 1336082.
10
What is the remainder when 19875412 is divided by 168435?
82
What is the remainder when 628171 is divided by 9?
7
What is the remainder when 76489387 is divided by 25496459?
10
What is the remainder when 819270 is divided by 819145?
125
Calculate the remainder when 65051 is divided by 468.
467
Calculate the remainder when 390138 is divided by 195069.
0
What is the remainder when 14059420 is divided by 284?
0
Calculate the remainder when 152716 is divided by 75.
16
What is the remainder when 594738 is divided by 4786?
1274
Calculate the remainder when 318905 is divided by 2572.
2549
What is the remainder when 115001 is divided by 628?
77
What is the remainder when 82633905 is divided by 5093?
50